8?
8
Suppose -323*o + 326*o - 1377 = 0. Let v = -439 + o. Calculate the highest common factor of 120 and v.
20
Let p(x) = 6*x**2 + 40*x - 9. Let s be p(-7). Suppose -9*h + 7*h - s*g + 39 = 0, -2*g = 10. What is the greatest common factor of 64 and h?
32
Let p = 39 - 38. Let u be (p/2)/((-14)/(-476)). What is the greatest common factor of 34 and u?
17
Let h = 4 + 12. Let y be -3 + 7 + (-19)/(-1). Suppose -i - 3520 = -y*i. What is the highest common factor of i and h?
16
Let n = 10419 - 10315. Calculate the highest common divisor of n and 26728.
104
Let a = -4334 + 4370. Calculate the highest common factor of a and 2544.
12
Suppose 2*z - 1 = -9, -2*g + 4*z + 22 = 0. Suppose s + 4*s + 25 = 5*t, -t + g*s - 3 = 0. Calculate the highest common factor of 15 and t.
3
Suppose -3*v - 16 = -7, 3*v = -2*z + 1. Let b be (-2520)/(-50) + -7 + (-2)/z. What is the greatest common factor of b and 989?
43
Let i be 752/22 - 256/1408. What is the greatest common factor of 6630 and i?
34
Let q(m) = 3*m**3 - m**2 + 65*m - 122. Let n be q(2). What is the greatest common factor of 840 and n?
28
Let f be (18 - -15) + -16 - -3539. What is the greatest common divisor of f and 762?
254
Suppose -466 + 190 - 1154 = -110*q. What is the greatest common divisor of 14677 and q?
13
Suppose -i - 4*a + 1130 = 2*i, -5*a = -25. What is the greatest common factor of 518 and i?
74
Let i = -3528 - -3653. What is the highest common factor of i and 8875?
125
Suppose 12*b - 282 = -w + 10*b, 5*b - 852 = -3*w. What is the highest common divisor of w and 3038?
98
Suppose 3*w - 47 = 61. Suppose 36 = -5*q + 9*q. Suppose -10*s + q*s = 2*z - 143, -5*s + 211 = 3*z. What is the greatest common factor of z and w?
36
Let n(t) = 2*t + 7. Let q be n(-3). Let y be (-889)/(-14) - q - 2/4. What is the highest common divisor of 31 and y?
31
Suppose 177413 = -6*i + 41*i + 62*i. Calculate the greatest common factor of 186 and i.
31
Suppose -2*u - v = -502, -68*v + 1256 = 5*u - 66*v. What is the highest common factor of u and 644?
28
Let b = 196 - 248. Let i = -20 - b. What is the highest common factor of i and 56?
8
Suppose -5*r - 7*r = -36. Suppose 0 = -r*z + t + 63, 3*z = 4*z - 3*t - 29. Let a(c) = c - 16. Let w be a(z). What is the highest common factor of 4 and w?
4
Let o = 3236 - 3071. What is the greatest common divisor of 135 and o?
15
Let f(k) = -2*k**2 + 26*k + 4. Let s be f(10). Let m = -124 - -214. Let q = -74 + m. What is the greatest common divisor of q and s?
16
Let n be 16/3 - 32/(-48). Let x be (6/(-9))/(n/(-45)). Let b = 38 - 36. Calculate the greatest common divisor of b and x.
1
Let h(x) = -2*x + 8. Let d be h(-5). Suppose -46 - d = -16*w. What is the highest common divisor of w and 1?
1
Let k(m) = -51*m + 55. Let q be k(-16). Suppose 12*t = -t + q. Calculate the greatest common factor of 737 and t.
67
Let l(i) = 11*i. Let h be l(-1). Let c = h + 13. Suppose -p + c*w = -27, p - 3*w - 66 = -2*p. Calculate the highest common factor of p and 17.
17
Let b = 65 - 25. Suppose 3*l - 5*v = 98, 19 = 2*l - 3*v - 46. Suppose -l*z + 55 = -255. Calculate the greatest common factor of b and z.
10
Let g = 6571 + -6472. What is the highest common divisor of g and 1111?
11
Let a be (12/(-64)*4)/(1/(-4)). Let m(x) = -x**2 + 29*x + 74. Let u be m(31). Let s be (6 - 68/u) + 59/a. Calculate the highest common factor of 160 and s.
20
Suppose 7*y - 13 = 1. Let d(a) = -a**3 - 5*a**2 - 2*a + 10. Let z = -86 - -82. Let j be d(z). Calculate the highest common divisor of y and j.
2
Let s(n) = -6*n**2 - 287*n + 116. Let u be s(-42). What is the highest common divisor of 1342 and u?
122
Let u be (-10)/3*54/(-10). Suppose 58*t - 61*t + 9 = 0. Calculate the greatest common factor of u and t.
3
Let x = 290 + -137. Let g be ((-567)/(-2))/3*102/x. Calculate the greatest common divisor of 45 and g.
9
Let j = 148 + -104. Let b = j - 39. Let v be 77/b + 22/(-55). Calculate the greatest common divisor of v and 3.
3
Let k(w) = -w + 23. Let f be k(-22). Suppose -2*g = -49 + f. Let o be (1 - g)/(2/(-18)). What is the greatest common factor of o and 90?
9
Suppose -105 = -5*r - 5*y, -2*y = 3*r - 27 - 44. Calculate the greatest common divisor of r and 1537.
29
Suppose -390 = 4*g - 5*f - 1055, 2*g + 2*f = 364. What is the greatest common factor of g and 10025?
25
Let d(t) = 4*t + 67. Let j be d(6). Suppose 21*w - 3*w - 2106 = 0. What is the greatest common factor of w and j?
13
Let j be ((-8)/(-10))/(14/35). Suppose -j*z = -2*o + 72, 15 = -z + 4*z. Let m be 100/(-60) + o/3. Calculate the greatest common divisor of 12 and m.
12
Suppose 0 = 3*t - 2*n + 20 - 338, 3*n = 2*t - 207. Calculate the greatest common divisor of 1503 and t.
9
Let w be 2/(-8)*5*-80. Let d be 0 - 2 - (-25 + -22). Suppose -2*i - 5*l = -w, l - d = -i + 2. What is the highest common factor of 18 and i?
9
Suppose 0 = 2*h + l - 165, 45 - 30 = 3*l. Suppose 0 = -b + 4*z + 12, -z - 4*z = 4*b - 69. Calculate the highest common divisor of h and b.
16
Let b = 4657 + -4277. Calculate the highest common factor of 874 and b.
38
Suppose -h - 2*a = -4, -7*a - 3 = -4*h - 2*a. Suppose -m + h*m = 9. Calculate the greatest common divisor of m and 18.
9
Suppose -2*s = -121 - 33. Let y = 273 + -259. Calculate the highest common factor of y and s.
7
Suppose -4*g = 20, 0*d + 10555 = -2*d - 5*g. Let a be d/26*(-4)/(-3). Let t be a/(-24)*(-32)/(-6). What is the greatest common divisor of 12 and t?
12
Suppose 3*z - 40 = -2*t, t + z - 14 = -2*z. Calculate the highest common factor of t and 416.
26
Let j = -200 - -210. Suppose 5*n = -j, 5*n - 28 = 5*s - 73. Calculate the greatest common divisor of s and 49.
7
Let y be 57 + (-3 + 6 - 6). Suppose -19*z + 8284 = -0*z. Let c = -355 + z. What is the highest common factor of c and y?
27
Let g(z) = -z**3 + 6*z**2 - 7*z + 12. Let y be g(5). Let c be y/(-25) - (-1938)/475. Suppose -40 = -2*f - 16. What is the highest common factor of f and c?
4
Suppose -1201 - 984 = -5*n. Suppose -36*t - 92 = -40*t. Calculate the greatest common factor of n and t.
23
Let q = -73 + 117. Let x = 767 - 758. Suppose 99 = x*h - 0. Calculate the greatest common divisor of q and h.
11
Suppose 115 = 7*h - 165. Let v be 7/(-2)*240/(-168). What is the greatest common divisor of v and h?
5
Let p(m) be the first derivative of m**3 - 10*m**2 - 32*m - 134. Let v be p(17). Calculate the highest common divisor of v and 45.
45
Let j be 14/(-21)*-25*3648. Suppose -4*f = 60*f - j. What is the highest common factor of 50 and f?
50
Let z(c) = c**3 + c**2 + 35*c + 16. Let r be z(0). Calculate the highest common factor of 536 and r.
8
Let q(y) = y**3 + 9*y**2 + 9*y + 4. Let l be q(-7). Let w be 2*19 - (246 + -260). Calculate the highest common divisor of l and w.
13
Let m be 4 - (4/6)/(4/6). Suppose -223 = -4*b + m*r, -4*r - 59 = -3*b + 2*b. Suppose 20*d - 385 = 19*d. Calculate the greatest common factor of d and b.
55
Suppose r = -3*r + 4. Let t be -2 + (4 - (3 + r)). Let o be 73 + t/1 - (-1 + 0). Calculate the greatest common divisor of 18 and o.
18
Let r(h) = -h**3 - 11*h**2 - 11*h - 7. Let s be r(-10). Suppose -q = 4*l - 3, -12 + 3 = 3*l + s*q. What is the greatest common factor of 5 and l?
1
Let q(b) = 4*b**2 - 48*b + 231. Let k be q(5). Calculate the greatest common divisor of 455 and k.
91
Suppose 0 = 5*y - k - 169, 8*y - 2*k = 3*y + 173. Suppose -455 = -j - 5*o - 178, 12 = -3*o. What is the greatest common factor of y and j?
33
Let u = 1845 - 1844. What is the greatest common divisor of 1 and u?
1
Suppose -228 = -4*l - 3*s, -7*l + 332 = 5*s - 66. What is the greatest common factor of l and 228?
6
Let k be (48/32)/(6/32). Let y be (-11)/((-385)/1840) - k/14. Suppose -45*z + 47*z - 1144 = 0. Calculate the highest common divisor of z and y.
52
Let y = -192 - -280. Let a be 3 + y/12*1*-3. Let i = a + 47. Calculate the highest common divisor of i and 7.
7
Let w be (741 + -2)/(-16 + 15). Let l = -631 - w. Calculate the greatest common divisor of l and 135.
27
Let o(m) = -247*m**3 + 2*m**2 - m. Let d be o(1). Let z = d - -271. What is the greatest common factor of 225 and z?
25
Suppose -327*j = -320*j - 539. Let s(n) = 5*n - 1. Let c be s(9). What is the highest common divisor of c and j?
11
Let a = 5698 - 5668. What is the greatest common factor of a and 11730?
30
Suppose -6*a = -12*